Let w be (-2 - q)/1 - -2. Suppose 1 = 4*b - w. What is the units digit of b?
3
Let x(q) be the first derivative of -q**3/3 + 15*q**2/2 - 8*q - 7. What is the units digit of x(14)?
6
Let d = 15 + -10. Suppose -2*r - 16 = d*j, 3*j + 0 + 14 = r. Let p = r - -3. What is the units digit of p?
5
Let u(z) = -7*z**2 - 9*z - 2*z**2 + 10 + z**3 + 2. What is the tens digit of u(10)?
2
Let w = 1 + -1. Suppose -3*r = -p - 28, -2*r - 3*r + 3*p + 48 = w. Suppose h + 3 = r. What is the units digit of h?
6
Suppose 0 = 14*r - 10*r - 524. What is the units digit of r?
1
Suppose 0 = 5*u - 7 - 8. Let l = u - 1. Suppose -q = -3*w + 29, 2*q = -l*w + 6*q + 36. What is the units digit of w?
8
Suppose -4*c = c. Suppose 0 = -s + 11 - c. What is the units digit of s?
1
Suppose r - 169 = 5*a, 4*r - 185 = 5*a - 19. Let h = a - -59. What is the tens digit of h?
2
Let t be 7/(2 - (-7)/(-3)). What is the units digit of (1 - (-10)/(-6))*t?
4
Suppose l - 7 = -5*z - 2*l, -3*z + 7 = -l. Let j(m) = -7*m + 3 + m**2 - z*m**2 + 0 - 1. What is the units digit of j(-6)?
8
What is the units digit of ((-32)/10)/((60/(-125))/6)?
0
What is the hundreds digit of (-12)/(10/(-55) - 43/(-418))?
1
Let f be (-22)/(-77) - (-234)/14. Let c = 17 + f. What is the units digit of c?
4
Let k be ((-2)/(-4))/(6/(-384)). Let h = -21 - k. What is the units digit of h?
1
Let o be ((-2)/6 + 2)*3. Let r(c) = c**3 - 5*c**2 + c + 1. What is the units digit of r(o)?
6
Let p(l) be the third derivative of -l**5/60 + l**4/8 + l**3/2 + 2*l**2. Let i be p(3). Suppose -7 - 5 = -i*m. What is the units digit of m?
4
Let h(x) = -x - 2. Let o be h(-5). Let i = -3 + o. Suppose i = 2*s + 2*m - 14, -2*m - m = -s - 1. What is the units digit of s?
5
Let j(b) = 63*b**3 + b**2 + b - 1. What is the tens digit of j(1)?
6
Let c(t) = 2*t**2 + 2. Suppose -12 = 3*a, -4*h + 0*h - 4 = -2*a. Let v be c(h). Suppose -q = -3*d + q + v, 0 = -2*d - 3*q + 9. What is the units digit of d?
6
Let l(r) = -r**3 + 8*r**2 + 5*r - 16. What is the units digit of l(7)?
8
Suppose 5*v + 369 = 2*y, -4*y + 6*v = 2*v - 756. What is the hundreds digit of y?
1
Suppose 5*l - 2 = 3*l. Let f = l - -1. Suppose -5*r = -0*r, 5*r + 10 = f*q. What is the units digit of q?
5
Let t(s) = 4*s**3 + 3*s**2 + s - 1. Let z be t(-2). Let n = -12 - z. What is the tens digit of n?
1
Let j(o) be the first derivative of -o**5/60 - 11*o**4/24 - 4*o**3/3 - o**2 - 3. Let z(r) be the second derivative of j(r). What is the tens digit of z(-9)?
1
Let m(d) = -d**3 - 3*d**2 + d + 2. Let t be m(-4). What is the tens digit of (21/t)/((-6)/(-64))?
1
Let q(n) = -n**2 + 12*n - 2. Let m be q(6). What is the units digit of m/8 + (-4)/16?
4
Suppose -4*k = 8, -16 - 4 = -w + k. What is the tens digit of w?
1
What is the units digit of 2/((-135)/(-66) + -2)?
4
Let c = 6 + 23. What is the units digit of c?
9
Let v(l) = -2*l - 6. Let p be v(5). Let j = p - -43. What is the units digit of j?
7
Let z(y) = -y**3 + 7*y**2 - 8*y - 1. Suppose -3*h + 0*h + 18 = 0. Let u be z(h). Let i = 18 + u. What is the units digit of i?
5
Let f = 1 - -2. Let y = f + 2. What is the units digit of y?
5
Let n be ((-2)/3)/((-2)/6). Suppose -j + 13 - 8 = 0. Suppose -n*s - 2 = j*u, -8*s + 3*s + 61 = -4*u. What is the units digit of s?
9
Suppose -2*b + 7 = -209. What is the hundreds digit of b?
1
Let g(t) be the first derivative of -3/2*t**2 - t + 1. What is the units digit of g(-5)?
4
Let d(t) = -t**3 - 3*t + 116. What is the hundreds digit of d(0)?
1
Let b be (-4)/6 + 34/6. Let v(c) = 0 + 1 + 1 - c**2 - b*c. What is the units digit of v(-5)?
2
What is the units digit of 260/8 - (-2)/4?
3
What is the units digit of (1 + 1)*5 - -1?
1
Let s = -10 + 30. Suppose -26 = -2*c + s. What is the units digit of c?
3
Let f = -15 - -139. What is the tens digit of f?
2
What is the hundreds digit of ((-1314)/8)/3*(-32)/12?
1
Let q(n) = -11*n + 2. What is the tens digit of q(-4)?
4
Let i(m) = -6*m. Suppose -5*s - 2*n = 8, -2*n + 16 = 5*s - 6*n. Let x = s + -1. What is the units digit of i(x)?
6
What is the hundreds digit of (6/7)/((-6)/(-28)) + 147?
1
Let k(i) = 2*i**2 + 4*i. What is the tens digit of k(-4)?
1
Let a(c) = -c**3 + 3*c - 1. Let i be a(2). Let p be (-44)/(-6)*i/2. Let h = p + 28. What is the units digit of h?
7
Let r(b) = 9 + 0 - 2*b - 4. What is the units digit of r(-4)?
3
Let h = -58 - -137. What is the tens digit of h?
7
Let r(u) = -u. Let q(t) = 7*t - 4. Let m(n) = q(n) + 6*r(n). Let y be m(8). Suppose -h - 3*v + 2 = h, 0 = -y*v - 16. What is the units digit of h?
7
Suppose -d - 5 = -56. What is the tens digit of d?
5
Let c be -1 + (-18)/(0 + -3). Suppose -c = -r, -8*o = -3*o - r - 110. What is the tens digit of o?
2
Suppose -3*l + 8*l = 265. What is the tens digit of l?
5
Let t be (-2)/3 - (-628)/(-3). What is the tens digit of t/(-12) + (-1)/(-2)?
1
Let s = 5 + -3. Let o(y) = -2*y**2 + 3*y - 2. Let j be o(2). What is the units digit of 13/2 - s/j?
7
Let m be 1/(-4) - (-1)/4. Suppose 34 = 5*t + 3*x - 2*x, m = 2*t - 2*x - 4. What is the units digit of t?
6
Let x(j) = j + 17. Let p be x(0). Let t = p - 3. What is the tens digit of t?
1
Let g be 41/(-1) + (-2 - -1). Let w = -28 - g. What is the tens digit of w?
1
Let r be ((-1 - 1) + 2)/3. Suppose r = -3*j + 3 - 0. What is the units digit of j?
1
Suppose -8 = -5*p - 3. Let b be 5/(-1) + 3 + p. What is the tens digit of 5/(-5) + 14 + b?
1
Suppose -4*u = -0*u - 156. Suppose -5*r + 6 = -u. What is the units digit of r?
9
Let t = 94 + -146. Let o = t + 101. What is the units digit of o?
9
Let x(i) = 23*i + 10. What is the units digit of x(4)?
2
Let x(p) = 5*p**3 - 1. Suppose -8 = -2*m - 2*m. Let c be x(m). What is the tens digit of ((-6)/9)/((-2)/c)?
1
Suppose -100 = 3*q - 334. What is the tens digit of q?
7
Let j be -1*(-2 - 3) + 2. Suppose -3*o = -2*t + 3 + 1, 0 = 3*t + 2*o + 7. Let v = t + j. What is the units digit of v?
6
Let v(i) = i**2 + 40*i - 24. Let z(t) = -8*t + 5. Let j(r) = 2*v(r) + 11*z(r). What is the units digit of j(5)?
7
Let f be 5/10 + (-1)/(-2). Let w be (f/(-2))/(4/(-232)). Suppose -4*g + 4*u = -2*g - 2, 5*g - 4*u - w = 0. What is the units digit of g?
9
Suppose -5*a + 57 = p, 0 = -4*a - 4*p - 0*p + 52. What is the units digit of a?
1
Let j(v) be the third derivative of -v**5/60 - 3*v**4/8 - 7*v**3/6 - 2*v**2. Let w be j(-10). Let u = -7 - w. What is the tens digit of u?
1
Let o(v) = -v**3 + 6*v**2 + 2*v + 4. Let g be o(6). Let y = -10 + g. What is the units digit of y?
6
Suppose -4*a + 3*r + 427 = 0, -5*r - 111 = -3*a + 2*a. What is the units digit of a?
6
Suppose -y = -5*y. What is the units digit of 3 + -2 + y + 5?
6
Let w = 4 - 7. Let l(u) = u**2 - 2. What is the units digit of l(w)?
7
Let k(f) = -f**3 + 2*f**2 + 2. Let w be k(2). Suppose -2 = -n + w*q + 1, 0 = -3*n + 5*q + 10. What is the units digit of n?
5
Suppose 9*a - 4*a + 100 = 3*h, 0 = 3*h + 2*a - 128. What is the tens digit of h?
4
Suppose -135 = g - 2*g - 5*s, -3*g - 5*s = -385. What is the hundreds digit of g?
1
Let s = 2 + 0. Suppose -s = a - 2*a. What is the units digit of a?
2
Suppose -12 = -0*t - 3*t, 5*t = 2*p + 24. Let k = 3 - p. Suppose 4*l - k*u - 5 = 7*l, 3*l - u = 19. What is the units digit of l?
5
Suppose 22 = 3*j + 1. What is the units digit of j?
7
Let j = -133 + 271. What is the tens digit of j?
3
Suppose -d = v - 15, v + 0*v + 5*d = 27. What is the tens digit of v?
1
Let u(l) = 0 - 1 + 3*l - 2. What is the units digit of u(5)?
2
Let x be (-2 - -1)/((-2)/(-22)). Let z(c) be the second derivative of -c**4/12 - 13*c**3/6 - 5*c**2/2 - 8*c. What is the tens digit of z(x)?
1
Let b(a) = a + 11. Let m be b(-10). Let c = 5 + -3. Suppose s = c - m. What is the units digit of s?
1
Suppose 0 = -5*y + y + 32. What is the tens digit of (-4)/y*-30*1?
1
Let x = -59 + 110. What is the units digit of x?
1
Suppose 2 = 2*c - z + 5*z, -4*c + 28 = -4*z. What is the tens digit of (-2 - -3) + (c - -6)?
1
Let y(r) = -r**3 - 10*r**2 - 11*r - 11. Let c be y(-9). Let x be 186/14 - 2/c. Suppose x = 4*f - 47. What is the units digit of f?
5
Suppose -x + 10 + 9 = 0. What is the tens digit of x?
1
Let l(k) = -2*k**2 + 6*k + 6. Let d be l(-3). Let b = 2 - d. What is the units digit of b?
2
Suppose 4*z = 20, 4*y - 14 = 5*y - 3*z. Let n = 11 - y. What is the units digit of n?
0
Let p = -6 - -6. Suppose p = -4